et x = 1 - -5. Calculate the remainder when 1/(-4) - (-680)/f is divided by x.
3
Let n = 4328 + -4304. Calculate the remainder when (618/(-10))/(1/(-5)) is divided by n.
21
Suppose 5*n + 0 = d + 10, 0 = 2*d. Let g be ((-156)/(-20) - 1) + 1/5. Suppose -o - 10 = -u, 3*o + g = -n*u + 2. What is the remainder when 14 is divided by u?
4
Suppose 4*d + 2*s = 2*d, -4*d = -s - 15. Suppose -d*l = -0*t + 2*t + 530, -3*l = 12. Let j = t + 369. What is the remainder when j is divided by 28?
26
What is the remainder when 201 is divided by (-28)/14*(78/(-4) + -1)?
37
Let x(m) = 42*m**3 + m. Let g be 1/(2/(2/(-1))). Let s be x(g). Calculate the remainder when 58 is divided by s/(-2) - 9/6.
18
Suppose 3*s - 47 = -173. Suppose 0 = 2*k + 87 - 217. Calculate the remainder when k is divided by s/(-3) - (-1 + -2).
14
Let u(n) = 4*n**2 + 2*n + 1. Let o be (-2 + 7 + -3)/(-2). What is the remainder when 4*(-1 - 26/(-8)) is divided by u(o)?
0
Suppose 3*r - 4*v = -v - 51, -v = 0. Let i = 3 - r. Calculate the remainder when 204/15 + (-12)/i is divided by 8.
5
Suppose -1811 + 596 = -3*y - 3*a, 0 = -5*y - 4*a + 2030. What is the remainder when y is divided by 59?
56
Suppose -p + 6*p = 40. Calculate the remainder when p/(24/(-75))*12/(-10) is divided by 4.
2
Let r(h) be the third derivative of -h**4/8 - h**3 + h**2. Suppose -82*n - 62 = -2*p - 87*n, 2*p - 86 = n. Calculate the remainder when p is divided by r(-7).
11
Suppose -3*y - 73 - 125 = 0. Let j = -47 - y. Let z = -38 + 74. Calculate the remainder when z is divided by j.
17
Let o = 20 + -7. Let a = o - -8. Let z = 2 + 10. Calculate the remainder when a is divided by z.
9
Let m = 42 - 39. What is the remainder when ((-70)/m)/(24/(-36)) is divided by 12?
11
Let q = 6 + 8. Suppose 0 = -17*u + 100 + 2. What is the remainder when q is divided by u?
2
What is the remainder when 309 is divided by 52 + 22 + 4 + 1/1?
72
Suppose -2*d + 4*d - 8 = 0. Suppose -2*k = -10, -d*x + 5*x - 115 = -5*k. Calculate the remainder when 2016/x + 4/(-10) is divided by 8.
6
Let g = -233 - -316. What is the remainder when g is divided by 5?
3
Let x = 17 - 5. What is the remainder when (6 + -11)*7*(-24)/15 is divided by x?
8
Let u(d) = -3*d + 4. Let s(a) = a - 1. Let l(m) = -s(m) - u(m). What is the remainder when 101 is divided by l(10)?
16
Suppose 140 - 437 = -27*o. Calculate the remainder when 520 is divided by o.
3
Let f = -140 - -158. What is the remainder when 100 is divided by f?
10
Let i = 323 - 120. Suppose 4*s = 619 - i. What is the remainder when s is divided by 15?
14
Calculate the remainder when (-70)/7*4/(-1) is divided by 13.
1
Let l = -1351 + 1924. Calculate the remainder when l is divided by 96.
93
Let z(t) = 2*t**3 - 2*t**2 - 9*t + 2. Let u be z(4). Let q = u + -42. Calculate the remainder when q is divided by 11.
9
Let g = 57 + -57. Let y = g - -53. What is the remainder when y is divided by 9?
8
Let d = 1539 - 1529. What is the remainder when d is divided by 7?
3
Calculate the remainder when 450 is divided by 570/14 - (-12)/42.
40
Suppose 4*f + 3*u = 5*u + 142, -3*u - 179 = -5*f. Calculate the remainder when 679 is divided by f.
33
Let k(i) = -4*i - 8. Let f = -11 + 66. Suppose -9*t + f = -4*t. What is the remainder when k(-7) is divided by t?
9
Suppose 4*g - 21 - 31 = 0. Suppose 2*l = 5*m + 18, 0*m - 7 = -5*l + 3*m. Let q(y) = -6*y**3 - 2*y**2 + 1. What is the remainder when g is divided by q(l)?
3
Suppose -3*k + 27 = -0*k. Let r = 4 + -8. Let q(i) = i**2. Calculate the remainder when q(r) is divided by k.
7
Let z = 7 + 12. Let l(f) = -f**3 - f**2 - 3*f - 12. What is the remainder when l(-4) is divided by z?
10
Let k(i) = i**2 + 12*i + 14. Let h be k(-12). Let n be (-4)/14 + 956/h. Let f = n - 47. What is the remainder when f is divided by 11?
10
Let z = 457 + -399. What is the remainder when z is divided by 20?
18
Let t(i) = i**2 - 5*i - 146. Let s be t(0). Let u = 184 + s. Calculate the remainder when 189 is divided by u.
37
Let r = 282 - -88. Calculate the remainder when r is divided by 126.
118
Suppose 0 = 3*r + r + 100. Let b = r - -30. What is the remainder when (51/(-12))/((-1)/4) is divided by b?
2
Let t(f) = 2*f**3 - 2*f**2 - 3*f + 6. Let y be t(5). Let m = y - 110. What is the remainder when m is divided by 42?
39
Let r = -98 - -126. What is the remainder when 129 is divided by r + (-4 + 2)*2/2?
25
Let t = 22 + 19. Suppose -4*p = -0*p - 16. Suppose p*c - 73 + 29 = 0. What is the remainder when t is divided by c?
8
Suppose 3*j + 2*y - 136 = 0, -5*y = -0*j - j + 68. Suppose 3*z - 2*z - 1 = 0, 36 = -2*i + 4*z. Let l = 29 + i. Calculate the remainder when j is divided by l.
9
Let v be ((-192)/(-60))/(2/20). Calculate the remainder when 34 is divided by 248/14 + v/112.
16
Let m(y) = 4*y + 2. Let g be m(6). Suppose 0 = 3*x - 12, 2*a + 0*x = -4*x - g. What is the remainder when (14/(-21))/(2/a) is divided by 2?
1
Suppose -4*d = -50 - 26. Let m be 1 - ((3 - 3) + -80). Let t = -6 + m. Calculate the remainder when t is divided by d.
18
Suppose 0 = 5*t - 9 - 26. What is the remainder when (-939)/(-21) - (-2)/t is divided by 12?
9
Suppose 5*w + 2*z - 294 = 0, 4*z + 57 = -4*w + 285. Calculate the remainder when 718 is divided by w.
58
Let o be (-180)/(-40) - (-2)/(-4). Suppose -6*j + o*j + 36 = -5*y, 4*j + 2*y = 72. Suppose -1 + 8 = r. What is the remainder when j is divided by r?
4
What is the remainder when (36/(-8))/(-9)*(1278 + 4) is divided by 28?
25
Suppose -3*g + 91 = -4*w, 13 = g + w + 2*w. Let v = g - 16. Calculate the remainder when 25 is divided by v.
7
Suppose -2*o + 2*a = -3*o - 23, -o + 3*a - 3 = 0. Calculate the remainder when (-1190)/o - (-2)/6*2 is divided by 9.
8
Suppose -3*u + 13*u = 140. What is the remainder when u is divided by 0/4 + -3 - -11?
6
Let p = -1 - -3. Suppose p*m - 190 = -3*m. What is the remainder when 112 is divided by m?
36
Calculate the remainder when (-2)/5 + 4068/45 is divided by 26.
12
Let l(w) = w**3 - 5*w**2 + 7. Suppose -2*c = -4*n + 4, -n - 2*c + 8 = c. Suppose 4*a - 10 = n*a. What is the remainder when l(a) is divided by 4?
3
Let u be (-7)/7 - (-12)/2. Suppose 2*p + 4*w = 64, u*p - 139 = -3*w - 0. What is the remainder when p is divided by 15?
11
Calculate the remainder when (66 - 4) + (-13 - -4) is divided by 27.
26
Suppose 0 = 67*n - 1490 - 855. Calculate the remainder when 127 is divided by n.
22
Let a be (-1 + -2 + 2)*-4. Suppose c + a*c - 177 = 2*k, -3*c + 2*k + 107 = 0. Calculate the remainder when c is divided by 12.
11
Let r(y) = y**2 + y + 3. Suppose 0 = f - 18 + 11. Suppose 5*k + f*k - 108 = 0. What is the remainder when r(-6) is divided by k?
6
Suppose -314 = -3*j + 265. Calculate the remainder when j is divided by 40.
33
Suppose 9*b + 210 = 15*b. Calculate the remainder when b is divided by 4.
3
Suppose 0 = -4*p - 11 + 55. What is the remainder when 41 is divided by p?
8
Calculate the remainder when 261 is divided by ((-44)/(-2))/(-17 + 18).
19
Let a = -22 + 27. Let k(j) = j**2 - 5*j + 3. What is the remainder when k(a) is divided by 3?
0
Let w(c) = 2*c**2 + 4*c - 4. Calculate the remainder when (1/2)/(-7*(-5)/3500) is divided by w(3).
24
Suppose -4*w - 20 = 4*k, 5*w + 4*k - k + 27 = 0. Suppose 0 = 2*i - 4, -4*j + 4*i - 426 = i. Calculate the remainder when 16 is divided by w/4 + j/(-14).
4
Let g(r) = 5*r - 13. Suppose 14*c - 1659 = -497. Calculate the remainder when c is divided by g(7).
17
Let w = -79 - -158. Let b(r) = -2*r**2 - 20*r - 4. Calculate the remainder when w is divided by b(-8).
23
Let j(k) = 68*k**2 - 194*k - 5. Calculate the remainder when -23*1*(-2 + 0) is divided by j(3).
21
Let o be ((-1)/3)/((-1)/9). Suppose t = o*t + 158. Let s = t - -126. What is the remainder when s is divided by 16?
15
Suppose -u + 80 = h - 252, -2*h = u - 667. Let c = h - 103. What is the remainder when c is divided by 39?
37
Let o(s) = -11*s + s**2 + 4 + 9*s + 32 - 11*s. Calculate the remainder when 16 is divided by o(10).
4
Let v(m) = m**2 + 4*m + 14. Suppose -4*z = 5*r - 6, r + 8 = z - r. Calculate the remainder when v(-3) is divided by z.
3
Let s = 1019 - 605. Suppose 0*c + s = 3*c. What is the remainder when c is divided by 47?
44
Let h be 195 - (-4)/((-4)/(-3)). Suppose -3*y - h + 759 = 0. Suppose -4*k - 27 = -y. Calculate the remainder when k is divided by 14.
12
Let c =